{"id":13,"date":"2014-09-03T11:48:18","date_gmt":"2014-09-03T09:48:18","guid":{"rendered":"http:\/\/www.calorenzoncaorle.it\/develop\/?page_id=13"},"modified":"2017-04-22T09:40:14","modified_gmt":"2017-04-22T07:40:14","slug":"il-territorio","status":"publish","type":"page","link":"https:\/\/www.calorenzoncaorle.it\/?page_id=13","title":{"rendered":"Il Territorio"},"content":{"rendered":"<p style=\"font-weight: bold; color: #515151;\"><a href=\"http:\/\/www.calorenzoncaorle.it\/develop\/wp-content\/uploads\/2014\/09\/cropped-Caorle2.jpg\"><img loading=\"lazy\" decoding=\"async\" class=\"alignnone wp-image-21 size-large\" src=\"http:\/\/www.calorenzoncaorle.it\/develop\/wp-content\/uploads\/2014\/09\/cropped-Caorle2-1024x494.jpg\" alt=\"\" width=\"1024\" height=\"494\" srcset=\"https:\/\/www.calorenzoncaorle.it\/wp-content\/uploads\/2014\/09\/cropped-Caorle2-1024x494.jpg 1024w, https:\/\/www.calorenzoncaorle.it\/wp-content\/uploads\/2014\/09\/cropped-Caorle2-300x145.jpg 300w, https:\/\/www.calorenzoncaorle.it\/wp-content\/uploads\/2014\/09\/cropped-Caorle2-768x371.jpg 768w, https:\/\/www.calorenzoncaorle.it\/wp-content\/uploads\/2014\/09\/cropped-Caorle2.jpg 1500w\" sizes=\"auto, (max-width: 1024px) 100vw, 1024px\" \/><\/a><\/p>\n<p id=\"u346-2\" style=\"font-weight: bold; color: #515151;\">Storia e Tradizioni<\/p>\n<p id=\"u346-5\" style=\"color: #515151;\">Le radici di Caorle affondano nel I secolo a.C. (il nome deriva dal latino Caprulae, probabilmente a causa delle capre selvatiche che vi pascolavano), come testimoniano numerosi ritrovamenti di epoca romana, come l'&#8221;ara Licovia&#8221;, altare sacrificale custodito ora nel duomo, o i ritrovamenti archeologici in mare. Tuttavia la citt\u00e0 cresce e diventa importante come porto della vicina Concordia, per la sua posizione alla foce del Lemene, soprattutto in seguito alle invasioni barbariche degli unni, che spinsero molti concordiesi dall&#8217;entroterra alla costa; fu in quel periodo, attorno al VI secolo, che Caorle divenne sede vescovile. La costruzione dell&#8217;odierna cattedrale, tuttavia, risale all&#8217;XI secolo, su una pre-esistente basilica paleocristiana, i cui resti sono conservati tutt&#8217;ora all&#8217;interno del duomo, nel museo annesso e nei giardini della canonica.<\/p>\n<p id=\"u346-8\" style=\"font-weight: bold; color: #515151;\">Caorle e la Repubblica Serenissima<\/p>\n<p style=\"font-weight: bold; color: #515151;\"><a href=\"http:\/\/www.calorenzoncaorle.it\/develop\/wp-content\/uploads\/2014\/09\/serenissima.jpg\"><img loading=\"lazy\" decoding=\"async\" class=\"alignnone wp-image-172 size-large\" src=\"http:\/\/www.calorenzoncaorle.it\/develop\/wp-content\/uploads\/2014\/09\/serenissima-1024x487.jpg\" alt=\"\" width=\"1024\" height=\"487\" srcset=\"https:\/\/www.calorenzoncaorle.it\/wp-content\/uploads\/2014\/09\/serenissima.jpg 1024w, https:\/\/www.calorenzoncaorle.it\/wp-content\/uploads\/2014\/09\/serenissima-300x143.jpg 300w, https:\/\/www.calorenzoncaorle.it\/wp-content\/uploads\/2014\/09\/serenissima-768x365.jpg 768w\" sizes=\"auto, (max-width: 1024px) 100vw, 1024px\" \/><\/a><\/p>\n<p id=\"u346-11\" style=\"color: #515151;\">Nei successivi secoli le sorti di Caorle furono legate a quelli della Repubblica Serenissima; il territorio cittadino era parte del Dogado, cio\u00e8 il territorio metropolitano, nonch\u00e9 il nucleo originario, della Serenissima Repubblica, ed era uno dei 9 distretti in cui era suddivisa l&#8217;amministrazione, governato da un podest\u00e0. Costituiva inoltre uno dei 10 reggimenti in cui era suddiviso il dogado.<\/p>\n<p id=\"u346-14\" style=\"font-weight: bold; color: #515151;\">La dominazione straniera<\/p>\n<p id=\"u346-17\" style=\"color: #515151;\">Memorabile fu l&#8217;episodio, nel X secolo, del ratto di alcune donzelle veneziane, liberate proprio sulla spiaggia della cittadina: questo episodio fu oggetto di una rievocazione storica in costume dell&#8217;epoca fino a qualche anno fa. Nei secoli XIII e XIV, a causa delle frequenti invasioni del territorio da parte dei triestini e di pirati, molte famiglie furono costrette a trasferirsi a Venezia; fu cos\u00ec che Caorle cominci\u00f2 la parabola discendente che l&#8217;accompagn\u00f2 fino all&#8217;epoca napoleonica, perdendo d&#8217;importanza rispetto alle altre citt\u00e0 del dogado veneziano. Isolamento che si fece ancor pi\u00f9 grave quando, nel 1379, i genovesi approdarono sull&#8217;isola caprulana e, mentre tentavano di conquistare i territori della Serenissima, devastarono l&#8217;intera citt\u00e0, costringendo anche i vescovi a lasciare la sede episcopale vacante.<\/p>\n<p id=\"u346-20\" style=\"color: #515151;\">Nel XVII secolo Caorle aveva il suo unico sbocco nel collegamento fluviale con Concordia e Portogruaro; ma questa era anche l&#8217;epoca della fine della Repubblica, per mano delle truppe napoleoniche; venivano cos\u00ec a cessare gli antichi privilegi sulle acque che avevano assicurato sussistenza alla citt\u00e0, e si preparava un lungo periodo di dominazione straniera.<\/p>\n<p id=\"u346-23\" style=\"color: #515151;\">Nel XIX secolo, come tutto il Veneto, Caorle pass\u00f2 all&#8217; Austria; la piccola cittadina perdeva cos\u00ec definitivamente la sua importanza, essendo basata essenzialmente sulla pesca; bisogner\u00e0 attendere gli anni settanta perch\u00e9 Caorle torni ad un periodo pi\u00f9 florido, quando la sua economia si volger\u00e0 in maniera imponente al turismo. Nel 1818 viene soppressa la diocesi, e il territorio viene annesso al patriarcato di Venezia; cos\u00ec vengono anche a perdersi molte delle tradizioni popolari e religiose che avevano animato la vita dell&#8217;isola nei secoli precedenti.<\/p>\n<p id=\"u346-26\" style=\"font-weight: bold; color: #515151;\">Durante le guerre mondiali<\/p>\n<p id=\"u346-29\" style=\"color: #515151;\">Il XX secolo \u00e8 anche per Caorle il secolo delle grandi guerre; in particolare si infiamma la vita lagunare dopo la disfatta di Caporetto, diventando territorio strategico per il fronte che combatteva sul Piave. Nell&#8217;ultima offensiva del 1918 anche i caorlotti si fecero onore, tanto che il cittadinoGiorgio Romiati fond\u00f2 l&#8217;associazione Giovane Italia, insignita della medaglia d&#8217;argento al valor militare dopo la vittoria di novembre. E non a caso una delle sezioni del Battaglione San Marco si chiamava proprio &#8220;Battaglione Caorle&#8221;, ed insieme al Battaglione Bafile ebbe un ruolo importante nella battaglia di liberazione sul Piave.<\/p>\n<p style=\"color: #515151;\"><img loading=\"lazy\" decoding=\"async\" class=\"wp-image-171 size-large\" src=\"http:\/\/www.calorenzoncaorle.it\/develop\/wp-content\/uploads\/2014\/09\/caorle-1024x415.jpg\" alt=\"caorle\" width=\"1024\" height=\"415\" srcset=\"https:\/\/www.calorenzoncaorle.it\/wp-content\/uploads\/2014\/09\/caorle.jpg 1024w, https:\/\/www.calorenzoncaorle.it\/wp-content\/uploads\/2014\/09\/caorle-300x122.jpg 300w, https:\/\/www.calorenzoncaorle.it\/wp-content\/uploads\/2014\/09\/caorle-768x311.jpg 768w\" sizes=\"auto, (max-width: 1024px) 100vw, 1024px\" \/><\/p>\n<p id=\"u346-31\" style=\"color: #515151;\">Durante il secondo conflitto, invece, grave fu il peso dell&#8217;occupazione tedesca, che arriv\u00f2 a minacciare di allagare, per motivi strategici, tutto il litorale per una profondit\u00e0 di 10 chilometri; l&#8217;allarme rientr\u00f2 inaspettatamente, e ancor oggi i caorlotti, a memoria di un voto emesso il 2 gennaio 1944, attribuiscono il merito all&#8217;intercessione della loro Madonnina del Mare.<\/p>\n","protected":false},"excerpt":{"rendered":"<p class=\"excerpt\">Storia e Tradizioni Le radici di Caorle affondano nel I secolo a.C. (il nome deriva dal latino Caprulae, probabilmente a causa delle capre selvatiche che vi pascolavano), come testimoniano numerosi ritrovamenti di epoca romana, come l&#8217;&#8221;ara Licovia&#8221;, altare sacrificale custodito ora nel duomo, o i ritrovamenti archeologici in mare. Tuttavia la citt\u00e0 cresce e diventa importante come porto della vicina&hellip; <a href=\"https:\/\/www.calorenzoncaorle.it\/?page_id=13\">Read more &rarr;<\/a><\/p>\n","protected":false},"author":1,"featured_media":21,"parent":0,"menu_order":0,"comment_status":"closed","ping_status":"open","template":"","meta":{"ngg_post_thumbnail":0,"footnotes":""},"class_list":["post-13","page","type-page","status-publish","has-post-thumbnail","hentry","xfolkentry"],"_links":{"self":[{"href":"https:\/\/www.calorenzoncaorle.it\/index.php?rest_route=\/wp\/v2\/pages\/13","targetHints":{"allow":["GET"]}}],"collection":[{"href":"https:\/\/www.calorenzoncaorle.it\/index.php?rest_route=\/wp\/v2\/pages"}],"about":[{"href":"https:\/\/www.calorenzoncaorle.it\/index.php?rest_route=\/wp\/v2\/types\/page"}],"author":[{"embeddable":true,"href":"https:\/\/www.calorenzoncaorle.it\/index.php?rest_route=\/wp\/v2\/users\/1"}],"replies":[{"embeddable":true,"href":"https:\/\/www.calorenzoncaorle.it\/index.php?rest_route=%2Fwp%2Fv2%2Fcomments&post=13"}],"version-history":[{"count":5,"href":"https:\/\/www.calorenzoncaorle.it\/index.php?rest_route=\/wp\/v2\/pages\/13\/revisions"}],"predecessor-version":[{"id":174,"href":"https:\/\/www.calorenzoncaorle.it\/index.php?rest_route=\/wp\/v2\/pages\/13\/revisions\/174"}],"wp:featuredmedia":[{"embeddable":true,"href":"https:\/\/www.calorenzoncaorle.it\/index.php?rest_route=\/wp\/v2\/media\/21"}],"wp:attachment":[{"href":"https:\/\/www.calorenzoncaorle.it\/index.php?rest_route=%2Fwp%2Fv2%2Fmedia&parent=13"}],"curies":[{"name":"wp","href":"https:\/\/api.w.org\/{rel}","templated":true}]}}

<p style="font-weight: bold; color: #515151;"><a href="http://www.calorenzoncaorle.it/develop/wp-content/uploads/2014/09/cropped-Caorle2.jpg"><img loading="lazy" decoding="async" class="alignnone wp-image-21 size-large" src="http://www.calorenzoncaorle.it/develop/wp-content/uploads/2014/09/cropped-Caorle2-1024x494.jpg" alt="" width="1024" height="494" srcset="https://www.calorenzoncaorle.it/wp-content/uploads/2014/09/cropped-Caorle2-1024x494.jpg 1024w, https://www.calorenzoncaorle.it/wp-content/uploads/2014/09/cropped-Caorle2-300x145.jpg 300w, https://www.calorenzoncaorle.it/wp-content/uploads/2014/09/cropped-Caorle2-768x371.jpg 768w, https://www.calorenzoncaorle.it/wp-content/uploads/2014/09/cropped-Caorle2.jpg 1500w" sizes="auto, (max-width: 1024px) 100vw, 1024px" /></a></p>
<p id="u346-2" style="font-weight: bold; color: #515151;">Storia e Tradizioni</p>
<p id="u346-5" style="color: #515151;">Le radici di Caorle affondano nel I secolo a.C. (il nome deriva dal latino Caprulae, probabilmente a causa delle capre selvatiche che vi pascolavano), come testimoniano numerosi ritrovamenti di epoca romana, come l'&#8221;ara Licovia&#8221;, altare sacrificale custodito ora nel duomo, o i ritrovamenti archeologici in mare. Tuttavia la città cresce e diventa importante come porto della vicina Concordia, per la sua posizione alla foce del Lemene, soprattutto in seguito alle invasioni barbariche degli unni, che spinsero molti concordiesi dall&#8217;entroterra alla costa; fu in quel periodo, attorno al VI secolo, che Caorle divenne sede vescovile. La costruzione dell&#8217;odierna cattedrale, tuttavia, risale all&#8217;XI secolo, su una pre-esistente basilica paleocristiana, i cui resti sono conservati tutt&#8217;ora all&#8217;interno del duomo, nel museo annesso e nei giardini della canonica.</p>
<p id="u346-8" style="font-weight: bold; color: #515151;">Caorle e la Repubblica Serenissima</p>
<p style="font-weight: bold; color: #515151;"><a href="http://www.calorenzoncaorle.it/develop/wp-content/uploads/2014/09/serenissima.jpg"><img loading="lazy" decoding="async" class="alignnone wp-image-172 size-large" src="http://www.calorenzoncaorle.it/develop/wp-content/uploads/2014/09/serenissima-1024x487.jpg" alt="" width="1024" height="487" srcset="https://www.calorenzoncaorle.it/wp-content/uploads/2014/09/serenissima.jpg 1024w, https://www.calorenzoncaorle.it/wp-content/uploads/2014/09/serenissima-300x143.jpg 300w, https://www.calorenzoncaorle.it/wp-content/uploads/2014/09/serenissima-768x365.jpg 768w" sizes="auto, (max-width: 1024px) 100vw, 1024px" /></a></p>
<p id="u346-11" style="color: #515151;">Nei successivi secoli le sorti di Caorle furono legate a quelli della Repubblica Serenissima; il territorio cittadino era parte del Dogado, cioè il territorio metropolitano, nonché il nucleo originario, della Serenissima Repubblica, ed era uno dei 9 distretti in cui era suddivisa l&#8217;amministrazione, governato da un podestà. Costituiva inoltre uno dei 10 reggimenti in cui era suddiviso il dogado.</p>
<p id="u346-14" style="font-weight: bold; color: #515151;">La dominazione straniera</p>
<p id="u346-17" style="color: #515151;">Memorabile fu l&#8217;episodio, nel X secolo, del ratto di alcune donzelle veneziane, liberate proprio sulla spiaggia della cittadina: questo episodio fu oggetto di una rievocazione storica in costume dell&#8217;epoca fino a qualche anno fa. Nei secoli XIII e XIV, a causa delle frequenti invasioni del territorio da parte dei triestini e di pirati, molte famiglie furono costrette a trasferirsi a Venezia; fu così che Caorle cominciò la parabola discendente che l&#8217;accompagnò fino all&#8217;epoca napoleonica, perdendo d&#8217;importanza rispetto alle altre città del dogado veneziano. Isolamento che si fece ancor più grave quando, nel 1379, i genovesi approdarono sull&#8217;isola caprulana e, mentre tentavano di conquistare i territori della Serenissima, devastarono l&#8217;intera città, costringendo anche i vescovi a lasciare la sede episcopale vacante.</p>
<p id="u346-20" style="color: #515151;">Nel XVII secolo Caorle aveva il suo unico sbocco nel collegamento fluviale con Concordia e Portogruaro; ma questa era anche l&#8217;epoca della fine della Repubblica, per mano delle truppe napoleoniche; venivano così a cessare gli antichi privilegi sulle acque che avevano assicurato sussistenza alla città, e si preparava un lungo periodo di dominazione straniera.</p>
<p id="u346-23" style="color: #515151;">Nel XIX secolo, come tutto il Veneto, Caorle passò all&#8217; Austria; la piccola cittadina perdeva così definitivamente la sua importanza, essendo basata essenzialmente sulla pesca; bisognerà attendere gli anni settanta perché Caorle torni ad un periodo più florido, quando la sua economia si volgerà in maniera imponente al turismo. Nel 1818 viene soppressa la diocesi, e il territorio viene annesso al patriarcato di Venezia; così vengono anche a perdersi molte delle tradizioni popolari e religiose che avevano animato la vita dell&#8217;isola nei secoli precedenti.</p>
<p id="u346-26" style="font-weight: bold; color: #515151;">Durante le guerre mondiali</p>
<p id="u346-29" style="color: #515151;">Il XX secolo è anche per Caorle il secolo delle grandi guerre; in particolare si infiamma la vita lagunare dopo la disfatta di Caporetto, diventando territorio strategico per il fronte che combatteva sul Piave. Nell&#8217;ultima offensiva del 1918 anche i caorlotti si fecero onore, tanto che il cittadinoGiorgio Romiati fondò l&#8217;associazione Giovane Italia, insignita della medaglia d&#8217;argento al valor militare dopo la vittoria di novembre. E non a caso una delle sezioni del Battaglione San Marco si chiamava proprio &#8220;Battaglione Caorle&#8221;, ed insieme al Battaglione Bafile ebbe un ruolo importante nella battaglia di liberazione sul Piave.</p>
<p style="color: #515151;"><img loading="lazy" decoding="async" class="wp-image-171 size-large" src="http://www.calorenzoncaorle.it/develop/wp-content/uploads/2014/09/caorle-1024x415.jpg" alt="caorle" width="1024" height="415" srcset="https://www.calorenzoncaorle.it/wp-content/uploads/2014/09/caorle.jpg 1024w, https://www.calorenzoncaorle.it/wp-content/uploads/2014/09/caorle-300x122.jpg 300w, https://www.calorenzoncaorle.it/wp-content/uploads/2014/09/caorle-768x311.jpg 768w" sizes="auto, (max-width: 1024px) 100vw, 1024px" /></p>
<p id="u346-31" style="color: #515151;">Durante il secondo conflitto, invece, grave fu il peso dell&#8217;occupazione tedesca, che arrivò a minacciare di allagare, per motivi strategici, tutto il litorale per una profondità di 10 chilometri; l&#8217;allarme rientrò inaspettatamente, e ancor oggi i caorlotti, a memoria di un voto emesso il 2 gennaio 1944, attribuiscono il merito all&#8217;intercessione della loro Madonnina del Mare.</p>

<p class="excerpt">Storia e Tradizioni Le radici di Caorle affondano nel I secolo a.C. (il nome deriva dal latino Caprulae, probabilmente a causa delle capre selvatiche che vi pascolavano), come testimoniano numerosi ritrovamenti di epoca romana, come l&#8217;&#8221;ara Licovia&#8221;, altare sacrificale custodito ora nel duomo, o i ritrovamenti archeologici in mare. Tuttavia la città cresce e diventa importante come porto della vicina&hellip; <a href="https://www.calorenzoncaorle.it/?page_id=13">Read more &rarr;</a></p>
